er when 670 is divided by 45.
40
Calculate the remainder when 494 is divided by 31.
29
Calculate the remainder when 895 is divided by 15.
10
Calculate the remainder when 1975 is divided by 6.
1
Calculate the remainder when 243 is divided by 22.
1
What is the remainder when 1944 is divided by 139?
137
Calculate the remainder when 271 is divided by 39.
37
What is the remainder when 215 is divided by 54?
53
Calculate the remainder when 1524 is divided by 129.
105
What is the remainder when 464 is divided by 283?
181
Calculate the remainder when 262 is divided by 22.
20
What is the remainder when 455 is divided by 88?
15
What is the remainder when 2221 is divided by 16?
13
What is the remainder when 165 is divided by 56?
53
Calculate the remainder when 1817 is divided by 42.
11
Calculate the remainder when 2370 is divided by 53.
38
What is the remainder when 2538 is divided by 179?
32
What is the remainder when 1318 is divided by 12?
10
Calculate the remainder when 197 is divided by 30.
17
What is the remainder when 70 is divided by 21?
7
What is the remainder when 344 is divided by 171?
2
What is the remainder when 79 is divided by 12?
7
Calculate the remainder when 443 is divided by 37.
36
Calculate the remainder when 177 is divided by 55.
12
What is the remainder when 2284 is divided by 37?
27
What is the remainder when 116 is divided by 6?
2
What is the remainder when 762 is divided by 12?
6
Calculate the remainder when 1020 is divided by 57.
51
Calculate the remainder when 1443 is divided by 33.
24
Calculate the remainder when 315 is divided by 11.
7
Calculate the remainder when 987 is divided by 16.
11
Calculate the remainder when 33 is divided by 29.
4
What is the remainder when 105 is divided by 18?
15
What is the remainder when 2445 is divided by 1185?
75
What is the remainder when 4417 is divided by 11?
6
What is the remainder when 67 is divided by 18?
13
Calculate the remainder when 2032 is divided by 226.
224
Calculate the remainder when 743 is divided by 24.
23
Calculate the remainder when 74 is divided by 29.
16
What is the remainder when 6284 is divided by 14?
12
Calculate the remainder when 1097 is divided by 29.
24
Calculate the remainder when 134 is divided by 33.
2
Calculate the remainder when 136 is divided by 128.
8
Calculate the remainder when 429 is divided by 89.
73
Calculate the remainder when 150 is divided by 31.
26
What is the remainder when 35 is divided by 29?
6
What is the remainder when 57 is divided by 45?
12
What is the remainder when 34 is divided by 13?
8
Calculate the remainder when 331 is divided by 147.
37
What is the remainder when 2596 is divided by 5?
1
Calculate the remainder when 97 is divided by 49.
48
What is the remainder when 343 is divided by 62?
33
Calculate the remainder when 863 is divided by 29.
22
What is the remainder when 226 is divided by 12?
10
What is the remainder when 4776 is divided by 117?
96
Calculate the remainder when 927 is divided by 23.
7
What is the remainder when 304 is divided by 10?
4
What is the remainder when 310 is divided by 52?
50
Calculate the remainder when 546 is divided by 183.
180
What is the remainder when 90 is divided by 36?
18
Calculate the remainder when 293 is divided by 215.
78
Calculate the remainder when 27405 is divided by 48.
45
What is the remainder when 31 is divided by 16?
15
Calculate the remainder when 2800 is divided by 397.
21
What is the remainder when 108 is divided by 96?
12
What is the remainder when 4579 is divided by 25?
4
What is the remainder when 1417 is divided by 53?
39
Calculate the remainder when 6318 is divided by 80.
78
What is the remainder when 2268 is divided by 5?
3
Calculate the remainder when 661 is divided by 8.
5
What is the remainder when 3689 is divided by 26?
23
What is the remainder when 194 is divided by 101?
93
Calculate the remainder when 44510 is divided by 107.
105
What is the remainder when 140 is divided by 56?
28
Calculate the remainder when 97 is divided by 41.
15
Calculate the remainder when 934 is divided by 154.
10
Calculate the remainder when 287 is divided by 12.
11
Calculate the remainder when 2483 is divided by 612.
35
Calculate the remainder when 236 is divided by 80.
76
Calculate the remainder when 86 is divided by 27.
5
Calculate the remainder when 74 is divided by 5.
4
What is the remainder when 124 is divided by 13?
7
Calculate the remainder when 387 is divided by 26.
23
Calculate the remainder when 4795 is divided by 2395.
5
Calculate the remainder when 1032 is divided by 278.
198
What is the remainder when 494 is divided by 95?
19
What is the remainder when 579 is divided by 83?
81
Calculate the remainder when 683 is divided by 171.
170
Calculate the remainder when 919 is divided by 455.
9
What is the remainder when 27 is divided by 19?
8
Calculate the remainder when 125 is divided by 35.
20
What is the remainder when 2308 is divided by 70?
68
What is the remainder when 370 is divided by 173?
24
What is the remainder when 3749 is divided by 1241?
26
Calculate the remainder when 694 is divided by 177.
163
What is the remainder when 1092 is divided by 325?
117
Calculate the remainder when 6305 is divided by 6298.
7
Calculate the remainder when 608 is divided by 215.
178
What is the remainder when 191 is divided by 23?
7
Calculate the remainder when 220 is divided by 101.
18
Calculate the remainder when 165 is divided by 52.
9
Calculate the remainder when 317 is divided by 80.
77
What is the remainder when 152 is divided by 35?
12
Calculate the remainder when 498 is divided by 27.
12
What is the remainder when 1149 is divided by 46?
45
Calculate the remainder when 179 is divided by 36.
35
Calculate the remainder when 372 is divided by 323.
49
What is the remainder when 117 is divided by 17?
15
What is the remainder when 2292 is divided by 456?
12
What is the remainder when 173 is divided by 29?
28
What is the remainder when 17 is divided by 2?
1
What is the remainder when 829 is divided by 32?
29
What is the remainder when 1050 is divided by 39?
36
What is the remainder when 179 is divided by 32?
19
What is the remainder when 488 is divided by 7?
5
What is the remainder when 1699 is divided by 553?
40
Calculate the remainder when 309 is divided by 31.
30
What is the remainder when 872 is divided by 38?
36
Calculate the remainder when 1797 is divided by 72.
69
Calculate the remainder when 128 is divided by 46.
36
Calculate the remainder when 193 is divided by 46.
9
Calculate the remainder when 421 is divided by 168.
85
What is the remainder when 934 is divided by 79?
65
What is the remainder when 3199 is divided by 266?
7
What is the remainder when 442 is divided by 96?
58
What is the remainder when 8 is divided by 1?
0
What is the remainder when 1053 is divided by 70?
3
What is the remainder when 660 is divided by 13?
10
What is the remainder when 327 is divided by 29?
8
What is the remainder when 866 is divided by 4?
2
Calculate the remainder when 1127 is divided by 164.
143
What is the remainder when 10873 is divided by 170?
163
Calculate the remainder when 1600 is divided by 795.
10
Calculate the remainder when 320 is divided by 3.
2
Calculate the remainder when 51 is divided by 51.
0
Calculate the remainder when 2553 is divided by 71.
68
Calculate the remainder when 391 is divided by 16.
7
What is the remainder when 1732 is divided by 142?
28
What is the remainder when 70 is divided by 13?
5
Calculate the remainder when 723 is divided by 586.
137
What is the remainder when 519 is divided by 15?
9
What is the remainder when 1678 is divided by 80?
78
Calculate the remainder when 5867 is divided by 346.
331
What is the remainder when 18163 is divided by 293?
290
What is the remainder when 179 is divided by 111?
68
Calculate the remainder when 19010 is divided by 49.
47
Calculate the remainder when 5603 is divided by 244.
235
Calculate the remainder when 261 is divided by 46.
31
Calculate the remainder when 218 is divided by 37.
33
Calculate the remainder when 24 is divided by 15.
9
What is the remainder when 3295 is divided by 75?
70
Calculate the remainder when 87 is divided by 14.
3
Calculate the remainder when 249 is divided by 24.
9
What is the remainder when 104 is divided by 28?
20
Calculat